et g(h) = -23*h + 3. Let t be g(-3). Calculate the highest common factor of f and t.
18
Let l = 779 - 469. What is the highest common factor of l and 62?
62
Suppose -2 = 3*d - d. Let a(o) = -3*o**3 - o. Let n be a(d). What is the greatest common factor of 1 and n?
1
Suppose -10450 = 22*i - 33*i. Calculate the highest common divisor of 38 and i.
38
Suppose 0 = -3*q + 273 - 81. What is the greatest common divisor of q and 2?
2
Let p(i) = i**3 - 5*i**2 - 6*i + 1. Let s be p(6). Let v be 6/4*(-8)/(-6). Let z be (s - -35*v) + -1. Calculate the greatest common factor of z and 14.
14
Suppose -2*p = 5*q - 113, -9*q = -7*q + 3*p - 43. Let c(k) = 185*k**2 - 1. Let j be c(-1). What is the highest common factor of q and j?
23
Let m = 6 + 1. Let v(q) = 116*q + 984. Let y be v(-8). What is the highest common factor of m and y?
7
Let r = -82 - -422. Suppose 5*j = 2*d + 388, 4*j + 4*d + 52 = r. Calculate the greatest common divisor of j and 114.
38
Suppose 5 = -d + 9. Suppose 0 = -3*q + 10*q - 14. Calculate the highest common divisor of q and d.
2
Let c(t) = 6*t**3 - 2*t**2 + 1. Let l be c(1). Let d(m) = 17*m + 4. Let h be d(3). What is the highest common divisor of l and h?
5
Suppose 5 = 5*n - 10. Suppose -2*g = n*g - 25. Calculate the greatest common factor of 25 and g.
5
Let f(s) = -22*s - 576. Let x be f(-30). Suppose 2*c - 7*g - 3 = -2*g, 2*g - 22 = -5*c. Suppose -y + c = -8. Calculate the highest common divisor of x and y.
12
Suppose 53*y - y - 6136 = 0. What is the greatest common divisor of 59 and y?
59
Let t(u) = -u**3 - 3*u**2 + 4. Suppose -11*k + 10*k - 3 = 0. Let c be t(k). Let q be 1/c + 5931/36. Calculate the highest common factor of q and 15.
15
Suppose 66 = -9*g + 10*g. Suppose -67*f + g*f = -18. What is the highest common divisor of 2 and f?
2
Let g be 1074/10 + (-75)/(-125). Calculate the highest common factor of g and 12.
12
Let m be ((-88)/(-10))/(2/25). Let t = 142 + -131. What is the highest common divisor of m and t?
11
Let k(u) = -u**3 + 4*u**2 + 6*u. Let w be k(5). Suppose -w*g + 18 = g. What is the highest common divisor of 1 and g?
1
Suppose 87*p + 18 = 88*p. Let g be (-1)/(6/p) - -79. What is the highest common factor of g and 19?
19
Suppose -g - 4 = 0, 3*s - 5*g + 4*g - 28 = 0. Calculate the highest common factor of s and 16.
8
Suppose 0 = -n - 7*n + 168. What is the greatest common factor of n and 21?
21
Suppose -2*d + 139 + 3 = 0. Let b = d + -51. What is the highest common factor of b and 8?
4
Let f(q) = 13*q**2 - 73*q - 2. Let k be f(11). What is the greatest common divisor of k and 48?
48
Suppose -4*l + 8*l - 54 = -2*m, -5*l + 78 = 3*m. Let j = m + 25. Calculate the greatest common divisor of j and 230.
46
Let y(x) = 7*x - 12. Let d(z) = 2*z**2 + 6*z + 7. Let j be d(-3). Let q be y(j). Calculate the highest common factor of q and 37.
37
Let q = 191 - 19. Let k(v) = 11*v - 760. Let t be k(73). What is the greatest common factor of t and q?
43
Let o be 26/(0 - (-3 - -1)). Let p = 29 - 22. Suppose -5*y - 286 = -p*y. Calculate the highest common factor of o and y.
13
Let y be 243/(-6)*6/(-9). Let f be 0 - (0 + 0) - -4. Suppose 1362 = f*t + 390. Calculate the greatest common factor of y and t.
27
Let o be ((-2)/(-5))/((-8)/(-340)). What is the highest common divisor of o and 34?
17
Suppose 3*t = 3*y - 84, 0*t = -5*y - 5*t + 100. Suppose 0 = -2*j - 4 + 18. Let v = -1 + j. What is the greatest common divisor of v and y?
6
Suppose -5 = -k + s, 5*s - 3 - 7 = 0. Suppose 8*q = 3*q + 140. What is the greatest common divisor of q and k?
7
Suppose -4*w + s = -0*s - 63, 3*s = 3. Let t = 879 - 875. What is the highest common divisor of t and w?
4
Suppose 5*d + 3 + 25 = -2*p, -5*p - 20 = 0. Let j(z) = z**2 - 4*z - 4. Let l be j(d). What is the highest common factor of 28 and l?
28
Let c = 19 + -13. Let v = 15 + c. Suppose 0 = f + l - 21, f + 0*l = -2*l + 21. What is the greatest common divisor of f and v?
21
Let d = 30 + -30. Suppose d = y - 3 + 1. What is the greatest common factor of y and 8?
2
Suppose 59*j - 35*j - 12240 = 0. Calculate the greatest common factor of 12 and j.
6
Suppose -48 + 6 = -6*o. Suppose -o*u + 840 = -3*u. What is the highest common factor of u and 10?
10
Let z be (-4)/2 + 2*7. Suppose -5*r = -0*r + 4*n - 60, z = r - 4*n. Let q be (-6)/36 + 1730/r. What is the highest common divisor of 16 and q?
16
Let k be (2 - 1)/((-8)/(-64)). Suppose i = k + 10. Calculate the greatest common divisor of 2 and i.
2
Suppose 9*q - 21134 = 14290. What is the greatest common factor of q and 96?
96
Suppose -3*b - 25 = -82. Let r be (-18)/(-4)*(-4)/(-3). Suppose 5*n - 113 = -l, -r*l + 2*l = -n - 536. What is the greatest common divisor of l and b?
19
Let u be (-1)/(((-4)/9)/(-4)). Let q = u + 14. Suppose q*p = 146 - 36. Calculate the highest common divisor of 11 and p.
11
Suppose 0 = -5*p - 4 + 34. Let s be (166/p)/((-6)/(-18)). Suppose v + j - s = 0, -2*j = 2*v + 2*j - 162. What is the greatest common divisor of 34 and v?
17
Let v(k) = 179*k + 1. Let w be v(1). Let x(o) = o**3 + o**2 - 4*o - 2. Let c be x(3). Suppose 5*r - 122 + c = 0. Calculate the highest common factor of w and r.
20
Let y be (24/(-16))/((-2)/4). Let a(q) = q + 6. Let x be a(-3). Suppose -2*b + 21 = x*h, -b - b + 2*h + 6 = 0. What is the highest common divisor of b and y?
3
Let g(c) = -9*c + 2. Let w be g(2). Let d = -10 - w. Suppose l = d*l - 15. Calculate the greatest common factor of 3 and l.
3
Let p be (-232 + 233)/((-3 + 6)/129). Let u = 88 - -127. What is the greatest common divisor of u and p?
43
Suppose -9*u + 199 = -35. Calculate the highest common divisor of u and 65.
13
Let o = 14 + 8. What is the highest common factor of o and 22?
22
Let a be (39*1/3)/1. Suppose -7*q + 142 + 495 = 0. What is the greatest common divisor of a and q?
13
Let f(m) = m**3 - 9*m**2 + 10*m - 6. Let n be f(8). What is the greatest common factor of n and 8?
2
Let t be (-74)/(-14) - (-4)/(-14). Suppose 5*z - t*p = -3*p + 72, -5*p = 5. What is the highest common divisor of z and 14?
14
Let q(w) = w + 6. Let a be q(-4). Suppose a*x + 2 - 6 = 0. Suppose z - 5 = -2*f, -3*z = 3*f + 2*f - 14. What is the greatest common divisor of f and x?
1
Let a = 79 - 55. Suppose 5*i = 17*l - 10*l - 390, 0 = -3*i + 18. What is the highest common divisor of l and a?
12
Let t(u) = -3*u + 11. Let k be t(3). Suppose r - 50 = -4*q, -r = -5*q + k*r + 54. Calculate the highest common factor of 132 and q.
12
Let b = -710 - -725. Calculate the highest common divisor of b and 135.
15
Let y = -209 + 221. What is the greatest common factor of y and 228?
12
Let j(v) = 5*v**2 + 26*v + 5. Let k be j(-5). Suppose -l + b = k, l = -2*b + 17 - 2. Suppose 5*r + 0 = 100. What is the highest common divisor of l and r?
5
Let p be 143 + -63 + (-3 - -7). Suppose -w - 2*w = -63. What is the highest common divisor of p and w?
21
Let j(f) = f**3 - 15*f**2 + 38*f - 16. Let l be j(13). Calculate the highest common factor of l and 42.
14
Suppose -2*i + 5*c = -115, 124 = 4*i - 4*c - 88. What is the greatest common factor of 10 and i?
10
Suppose -4*i = 5*q - 375, 375 = 5*q - 14*i + 16*i. Let c(y) = 8*y - 2. Let d be c(4). What is the greatest common divisor of d and q?
15
Let s(n) = 3*n**3 - 7*n**2 + 11*n - 5. Let y be s(5). What is the highest common divisor of y and 10?
10
Let o = 101 + 63. Let r(y) = y**2 - 3*y - 67. Let c be r(12). What is the greatest common divisor of o and c?
41
Let w be (4 + -6)*(-40)/2. Let c(d) = -2*d + 40. Let g be c(12). Calculate the greatest common factor of g and w.
8
Let a(m) = m. Let w be a(3). Suppose -3*g + 88 = w*n - 20, 4*g = n + 144. Calculate the highest common divisor of g and 90.
18
Suppose -q + 26*q - 6300 = 0. Calculate the greatest common divisor of 315 and q.
63
Let k(u) = -u**3 + 15*u**2 + 8*u - 18. Let l be k(9). Suppose 57*f - 60*f + l = 0. Calculate the greatest common divisor of 36 and f.
36
Let a(p) be the second derivative of p**4/12 - p**3 - 11*p**2/2 + 3*p. Let g be a(13). Let f be (6/10)/(4/g). Calculate the highest common divisor of 30 and f.
6
Suppose 5*y = 12*t - 7*t + 10, -4*y - 4*t = -40. Calculate the highest common divisor of y and 786.
6
Let w(p) = 7*p**2 - 26*p + 48. Let x be w(8). What is the greatest common factor of 18 and x?
18
Suppose -f = a + 4, 4*f - 2*f = 0. Let